{"id":109,"date":"2019-09-17T11:55:29","date_gmt":"2019-09-17T09:55:29","guid":{"rendered":"https:\/\/drabant30.dk\/wordpress\/?page_id=109"},"modified":"2024-03-16T10:58:06","modified_gmt":"2024-03-16T09:58:06","slug":"medlemskab","status":"publish","type":"page","link":"https:\/\/drabant30.dk\/?page_id=109","title":{"rendered":"Medlemskab og kontingent"},"content":{"rendered":"\n<p>Drabant 30 klubben optager ejere af Drabant 30-b\u00e5de som&nbsp;<strong>aktive medlemmer<\/strong>. Hvis du er ejer af en af de 62 Drabant 30-b\u00e5de, der er bygget i alt, vil vi naturligvis gerne have dig som medlem. <\/p>\n\n\n\n<p>Andre interesserede kan optages som&nbsp;<strong>passive medlemmer<\/strong>&nbsp;uden stemmeret<\/p>\n\n\n\n<p>Medlemsskab koster 200kr. pr. \u00e5r (dog halv pris for passive medlemmer).<\/p>\n\n\n\n<p>\u00d8nsker du at blive medlem, kan du henvende dig til <strong><a href=\"https:\/\/drabant30.dk\/wordpress\/?page_id=70\">klubbens sekret\u00e6r<\/a><\/strong>, som ogs\u00e5 kan give dig&nbsp;<strong>koden til hjemmesiden<\/strong>.<\/p>\n\n\n\n<p>Klubben har i \u00e5renes l\u00f8b udn\u00e6vnt <strong>4 \u00e6resmedlemmer<\/strong>:<\/p>\n\n\n\n<blockquote class=\"wp-block-quote is-layout-flow wp-block-quote-is-layout-flow\">\n<p>1. Tonny og Hj\u00f8rdis Nilling (2004) og i 2005<\/p>\n\n\n\n<p>2. Egon og Hanne Lenskjold (D5 Skjold)<\/p>\n\n\n\n<p>3. Arne og Kirsten Nielsen (D52 Martha)<br><br>4. Jeppe og Tove Fisker (D6 Bell)<\/p>\n<\/blockquote>\n\n\n\n<p><strong>Indbetaling af kontingent:<\/strong><\/p>\n\n\n\n<p>Kontingentet er 200 kr. pr. b\u00e5d (dog halv pris for passive medlemmer). Det skal if\u00f8lge <a href=\"https:\/\/drabant30.dk\/wordpress\/wp-content\/uploads\/2019\/09\/Vedt\u00e6gt-for-Drabant-30-Klubben.pdf\">vedt\u00e6gterne<\/a> v\u00e6re betalt inden udgangen af april. <\/p>\n\n\n\n<p>Indbetalingen foreg\u00e5r via <strong>mobil pay.<\/strong> \u00a0<strong>6111YS\u00a0<\/strong> \u201dDrabant 30 2024\u201d<\/p>\n\n\n\n<p>Betaling inden udgangen af April.<\/p>\n\n\n\n<p><\/p>\n\n\n\n<p>Vore <strong>medlemmer udenfor Danmark<\/strong> skal kontakte vores kasserer Michael \u00a0Wilhelmsen som vil sende  n\u00e6rmere instruktioner ang\u00e5ende betaling. <\/p>\n\n\n\n<p><strong>Our members outside Denmark<\/strong> must contact our new cashier J\u00f8rgen Hjortsh\u00f8j Nielsen, who will send instructions on how to pay. His email address is:&nbsp;skipperpangel@gmail.com<\/p>\n","protected":false},"excerpt":{"rendered":"<p>Drabant 30 klubben optager ejere af Drabant 30-b\u00e5de som&nbsp;aktive medlemmer. Hvis du er ejer af en af de 62 Drabant 30-b\u00e5de, der er bygget i alt, vil vi naturligvis gerne have dig som medlem. Andre interesserede kan optages som&nbsp;passive medlemmer&nbsp;uden stemmeret Medlemsskab koster 200kr. pr. \u00e5r (dog halv pris for passive medlemmer). \u00d8nsker du at &hellip; <\/p>\n<p class=\"link-more\"><a href=\"https:\/\/drabant30.dk\/?page_id=109\" class=\"more-link\">L\u00e6s videre<span class=\"screen-reader-text\"> &#8220;Medlemskab og kontingent&#8221;<\/span><\/a><\/p>\n","protected":false},"author":2,"featured_media":0,"parent":0,"menu_order":0,"comment_status":"closed","ping_status":"closed","template":"","meta":{"footnotes":""},"class_list":["post-109","page","type-page","status-publish","hentry"],"jetpack_sharing_enabled":true,"_links":{"self":[{"href":"https:\/\/drabant30.dk\/index.php?rest_route=\/wp\/v2\/pages\/109","targetHints":{"allow":["GET"]}}],"collection":[{"href":"https:\/\/drabant30.dk\/index.php?rest_route=\/wp\/v2\/pages"}],"about":[{"href":"https:\/\/drabant30.dk\/index.php?rest_route=\/wp\/v2\/types\/page"}],"author":[{"embeddable":true,"href":"https:\/\/drabant30.dk\/index.php?rest_route=\/wp\/v2\/users\/2"}],"replies":[{"embeddable":true,"href":"https:\/\/drabant30.dk\/index.php?rest_route=%2Fwp%2Fv2%2Fcomments&post=109"}],"version-history":[{"count":23,"href":"https:\/\/drabant30.dk\/index.php?rest_route=\/wp\/v2\/pages\/109\/revisions"}],"predecessor-version":[{"id":961,"href":"https:\/\/drabant30.dk\/index.php?rest_route=\/wp\/v2\/pages\/109\/revisions\/961"}],"wp:attachment":[{"href":"https:\/\/drabant30.dk\/index.php?rest_route=%2Fwp%2Fv2%2Fmedia&parent=109"}],"curies":[{"name":"wp","href":"https:\/\/api.w.org\/{rel}","templated":true}]}}