{"id":70,"date":"2019-09-16T13:09:15","date_gmt":"2019-09-16T11:09:15","guid":{"rendered":"https:\/\/drabant30.dk\/wordpress\/?page_id=70"},"modified":"2024-03-16T11:00:56","modified_gmt":"2024-03-16T10:00:56","slug":"bestyrelsen","status":"publish","type":"page","link":"https:\/\/drabant30.dk\/?page_id=70","title":{"rendered":"Bestyrelsen"},"content":{"rendered":"\n<h4 class=\"wp-block-heading\">Formand<\/h4>\n\n\n\n<p>Steen Lundager (D 42 Magdalene)<\/p>\n\n\n\n<p>Saugsk\u00e6r All\u00e9 7<\/p>\n\n\n\n<p>5700 Thur\u00f8, Svendborg<\/p>\n\n\n\n<p>Tlf: 23 63 94 88<\/p>\n\n\n\n<p>Mail: Lundager.Steen@gmail.com<\/p>\n\n\n\n<p><strong>Sekret\u00e6r:<\/strong><\/p>\n\n\n\n<p>Martin Raal (D 53 Holli)<\/p>\n\n\n\n<p>Mester Eriksvej 95<\/p>\n\n\n\n<p>9000 Aalborg<\/p>\n\n\n\n<p>Mobil: 26 22 15 99<\/p>\n\n\n\n<p>Mail: martinraal@gmail.com<\/p>\n\n\n\n<p><strong>Kasserer:<\/strong><\/p>\n\n\n\n<p>Michael \u00a0Wilhelmsen <\/p>\n\n\n\n<p>mwsnedkerservice@gmail.com<\/p>\n\n\n\n<p><\/p>\n\n\n\n<hr class=\"wp-block-separator has-css-opacity\"\/>\n\n\n\n<p><strong>Webmaster <\/strong><\/p>\n\n\n\n<p>J\u00f8rgen Hjortsh\u00f8j Nielsen<\/p>\n\n\n\n<p>Mail. Skipperpangel@gmail.com<\/p>\n\n\n\n<p><\/p>\n\n\n\n<p><\/p>\n\n\n\n<p><\/p>\n\n\n\n<figure class=\"wp-block-gallery has-nested-images columns-default is-cropped wp-block-gallery-1 is-layout-flex wp-block-gallery-is-layout-flex\"><\/figure>\n\n\n\n\n\n\n","protected":false},"excerpt":{"rendered":"<p>Formand Steen Lundager (D 42 Magdalene) Saugsk\u00e6r All\u00e9 7 5700 Thur\u00f8, Svendborg Tlf: 23 63 94 88 Mail: Lundager.Steen@gmail.com Sekret\u00e6r: Martin Raal (D 53 Holli) Mester Eriksvej 95 9000 Aalborg Mobil: 26 22 15 99 Mail: martinraal@gmail.com Kasserer: Michael \u00a0Wilhelmsen mwsnedkerservice@gmail.com Webmaster J\u00f8rgen Hjortsh\u00f8j Nielsen Mail. Skipperpangel@gmail.com<\/p>\n","protected":false},"author":2,"featured_media":0,"parent":0,"menu_order":0,"comment_status":"closed","ping_status":"closed","template":"","meta":{"footnotes":""},"class_list":["post-70","page","type-page","status-publish","hentry"],"jetpack_sharing_enabled":true,"_links":{"self":[{"href":"https:\/\/drabant30.dk\/index.php?rest_route=\/wp\/v2\/pages\/70","targetHints":{"allow":["GET"]}}],"collection":[{"href":"https:\/\/drabant30.dk\/index.php?rest_route=\/wp\/v2\/pages"}],"about":[{"href":"https:\/\/drabant30.dk\/index.php?rest_route=\/wp\/v2\/types\/page"}],"author":[{"embeddable":true,"href":"https:\/\/drabant30.dk\/index.php?rest_route=\/wp\/v2\/users\/2"}],"replies":[{"embeddable":true,"href":"https:\/\/drabant30.dk\/index.php?rest_route=%2Fwp%2Fv2%2Fcomments&post=70"}],"version-history":[{"count":10,"href":"https:\/\/drabant30.dk\/index.php?rest_route=\/wp\/v2\/pages\/70\/revisions"}],"predecessor-version":[{"id":963,"href":"https:\/\/drabant30.dk\/index.php?rest_route=\/wp\/v2\/pages\/70\/revisions\/963"}],"wp:attachment":[{"href":"https:\/\/drabant30.dk\/index.php?rest_route=%2Fwp%2Fv2%2Fmedia&parent=70"}],"curies":[{"name":"wp","href":"https:\/\/api.w.org\/{rel}","templated":true}]}}